tors of 294211908.
2, 3, 107, 76379
What are the prime factors of 13571099?
3049, 4451
List the prime factors of 1410816991.
1410816991
List the prime factors of 1299589.
43, 30223
What are the prime factors of 75627562?
2, 19, 73, 137, 199
List the prime factors of 314155162.
2, 43, 3652967
List the prime factors of 1694331142.
2, 7, 797, 151849
What are the prime factors of 679268095?
5, 11, 2129, 5801
List the prime factors of 17302387.
73, 237019
What are the prime factors of 231182977?
231182977
List the prime factors of 35985971.
7, 5140853
List the prime factors of 663586056.
2, 3, 7, 1316639
What are the prime factors of 151483356?
2, 3, 29, 41, 3539
What are the prime factors of 1162891705?
5, 277, 839633
List the prime factors of 568014264.
2, 3, 1451, 5437
List the prime factors of 14853296.
2, 928331
List the prime factors of 60787313.
1153, 52721
What are the prime factors of 532832332?
2, 133208083
What are the prime factors of 304690711?
13, 17, 1378691
What are the prime factors of 47898154?
2, 23949077
List the prime factors of 352782979.
149, 2367671
What are the prime factors of 66406198?
2, 23, 1443613
List the prime factors of 156979154.
2, 43, 47, 71, 547
What are the prime factors of 193656165?
3, 5, 12910411
List the prime factors of 2414380808.
2, 7, 43113943
What are the prime factors of 3841553734?
2, 419, 4584193
What are the prime factors of 4564368?
2, 3, 29, 1093
List the prime factors of 1153476101.
20369, 56629
List the prime factors of 30385453.
7, 47, 92357
What are the prime factors of 215157123?
3, 23906347
What are the prime factors of 112228393?
311, 360863
What are the prime factors of 457656245?
5, 89, 541, 1901
What are the prime factors of 315326462?
2, 11, 83, 172687
List the prime factors of 25385061.
3, 13, 683, 953
What are the prime factors of 328755777?
3, 7, 233, 67189
What are the prime factors of 161981951?
161981951
List the prime factors of 2078224137.
3, 11, 89, 149, 1583
What are the prime factors of 490872208?
2, 30679513
What are the prime factors of 31451269?
31451269
What are the prime factors of 101949418?
2, 4457, 11437
What are the prime factors of 3305333543?
37, 797, 112087
What are the prime factors of 284378680?
2, 5, 7109467
List the prime factors of 374379595.
5, 74875919
What are the prime factors of 150931969?
53, 163, 17471
What are the prime factors of 168020255?
5, 13, 41, 67, 941
What are the prime factors of 172346593?
97, 157, 11317
What are the prime factors of 4323650?
2, 5, 43, 2011
List the prime factors of 2247629396.
2, 19, 29574071
List the prime factors of 271695804.
2, 3, 22641317
List the prime factors of 463133919.
3, 167, 924419
List the prime factors of 6962846231.
11, 632986021
List the prime factors of 2762339530.
2, 5, 276233953
What are the prime factors of 77257265?
5, 17, 908909
What are the prime factors of 518679303?
3, 127, 1361363
List the prime factors of 36247557.
3, 12082519
List the prime factors of 1190982944.
2, 179, 207923
List the prime factors of 56264493.
3, 18754831
List the prime factors of 71225841.
3, 277, 85711
List the prime factors of 14817918.
2, 3, 2469653
List the prime factors of 2977014490.
2, 5, 297701449
List the prime factors of 39253175.
5, 13, 120779
What are the prime factors of 519262634?
2, 11, 1109, 21283
List the prime factors of 73722139.
73722139
List the prime factors of 2349580723.
7, 67, 715681
List the prime factors of 309058909.
309058909
What are the prime factors of 59636330?
2, 5, 13, 83, 5527
What are the prime factors of 199651932?
2, 3, 439, 4211
What are the prime factors of 520851435?
3, 5, 13, 2671033
What are the prime factors of 56812013?
56812013
List the prime factors of 1284801804.
2, 3, 11, 13, 23, 3617
What are the prime factors of 3169320113?
283, 1223, 9157
List the prime factors of 109215581.
181, 603401
List the prime factors of 532821735.
3, 5, 17, 163, 4273
What are the prime factors of 3044633411?
17, 29, 31, 73, 2729
List the prime factors of 7653597585.
3, 5, 433, 811, 1453
List the prime factors of 62087644.
2, 15521911
List the prime factors of 64834949.
47, 1379467
List the prime factors of 165732621.
3, 43, 107, 12007
List the prime factors of 51785621.
17, 19, 9431
List the prime factors of 342369115.
5, 11, 31, 157, 1279
What are the prime factors of 45645757?
6037, 7561
What are the prime factors of 121656298?
2, 60828149
List the prime factors of 41962123.
7, 5994589
List the prime factors of 2698186430.
2, 5, 269818643
List the prime factors of 291039640.
2, 5, 641, 11351
List the prime factors of 291510974.
2, 127, 293, 3917
What are the prime factors of 13246743?
3, 19, 307, 757
What are the prime factors of 154777255?
5, 41, 331, 2281
List the prime factors of 713967790.
2, 5, 61, 89, 13151
What are the prime factors of 2585227505?
5, 7, 71, 331, 449
List the prime factors of 969302075.
5, 7, 463, 1709
List the prime factors of 3574490.
2, 5, 271, 1319
What are the prime factors of 141455413?
11, 337, 3469
What are the prime factors of 46583566?
2, 307, 75869
What are the prime factors of 808916590?
2, 5, 80891659
What are the prime factors of 1094130663?
3, 37, 457, 21569
What are the prime factors of 433388514?
2, 3, 13, 17, 211, 1549
List the prime factors of 622565178.
2, 3, 241, 430543
List the prime factors of 53650901.
223, 240587
List the prime factors of 16489247.
16489247
What are the prime factors of 583897081?
583897081
List the prime factors of 12464119.
12464119
What are the prime factors of 429752535?
3, 5, 31, 43, 21493
List the prime factors of 6211476233.
6211476233
List the prime factors of 3434458464.
2, 3, 11925203
List the prime factors of 1574425839.
3, 7, 79, 949021
List the prime factors of 943976756.
2, 241, 979229
What are the prime factors of 1092420050?
2, 5, 21848401
What are the prime factors of 253138582?
2, 347, 364753
What are the prime factors of 1095748681?
23, 47641247
What are the prime factors of 3788418241?
38177, 99233
What are the prime factors of 24113643?
3, 151, 53231
List the prime factors of 161278308.
2, 3, 19, 235787
List the prime factors of 255354218.
2, 7, 1201, 15187
List the prime factors of 47032554.
2, 3, 7838759
What are the prime factors of 197509879?
7, 43, 131, 5009
List the prime factors of 8072256.
2, 3, 42043
What are the prime factors of 379275597?
3, 42141733
List the prime factors of 1788762330.
2, 3, 5, 19875137
List the prime factors of 55878206.
2, 47, 594449
What are the prime factors of 134782467?
3, 5743, 7823
What are the prime factors of 151010102?
2, 75505051
List the prime factors of 1051466770.
2, 5, 971, 108287
What are the prime factors of 938273148?
2, 3, 3709, 7027
What are the prime factors of 38537676?
2, 3, 1070491
List the prime factors of 149955323.
7, 829, 25841
What are the prime factors of 57733908?
2, 3, 4811159
What are the prime factors of 1703336274?
2, 3, 94629793
List the prime factors of 219144735.
3, 5, 29, 31, 5417
List the prime factors of 7349207421.
3, 67, 2909, 12569
What are the prime factors of 256831514?
2, 3967, 32371
What are the prime factors of 1491352873?
28541, 52253
List the prime factors of 50126365.
5, 421, 23813
List the prime factors of 309674221.
31, 191, 52301
List the prime factors of 156244861.
6491, 24071
List the prime factors of 32864230.
2, 5, 7, 17, 27617
List the prime factors of 69572711.
13, 29, 31, 5953
What are the prime factors of 3690395521?
251, 14702771
What are the prime factors of 15157003?
19, 41, 19457
List the prime factors of 23594441.
13, 31, 127, 461
What are the prime factors of 133326817?
13, 10255909
List the prime factors of 59440268.
2, 31, 479357
What are the prime factors of 456285156?
2, 3, 31, 151, 8123
What are the prime factors of 44497225?
5, 1779889
What are the prime factors of 85541635?
5, 17108327
What are the prime factors of 684592031?
4091, 167341
What are the prime factors of 95316961?
1117, 85333
What are the prime factors of 1427990898?
2, 3, 5393, 44131
What are the prime factors of 61447939?
7, 269, 32633
List the prime factors of 5980996928.
2, 19, 127, 38729
What are the prime factors of 166649246?
2, 83324623
What are the prime factors of 156246518?
2, 47, 389, 4273
What are the prime factors of 9557